{"id":4007,"date":"2026-09-01T14:08:51","date_gmt":"2026-09-01T14:08:51","guid":{"rendered":"https:\/\/societadelleapi.org\/?post_type=programmes&#038;p=4007"},"modified":"2026-09-02T11:20:33","modified_gmt":"2026-09-02T11:20:33","slug":"i-fiori-del-male-mostra-personale-di-chiara-camoni","status":"publish","type":"programmes","link":"https:\/\/societadelleapi.org\/it\/programmes\/i-fiori-del-male-mostra-personale-di-chiara-camoni\/","title":{"rendered":"&#8216;I fiori del male&#8217; &#8211; Mostra personale di Chiara Camoni"},"content":{"rendered":"","protected":false},"author":5,"template":"","meta":{"_acf_changed":false,"inline_featured_image":false},"class_list":["post-4007","programmes","type-programmes","status-publish","hentry"],"acf":{"single-programmes-project-project-title":"'I fiori del male' - Mostra personale di Chiara Camoni","single-programmes-project-title":"'I fiori del male' - Mostra personale di Chiara Camoni","single-programmes-guest-project":["no"],"single-programmes-type":22,"single-programmes-artist":"Chiara Camoni","single-programmes-city":"Roma","single-programmes-start":"20261009","single-programmes-end":"20270126","single-programmes-display-day":"yes","single-programmes-thumbnail-image":4003,"single-programmes-main-image":4011,"single-programmes-caption":"Chiara Camoni, La Cenere di Montelupo #9, 2017. Detail","single-programmes-content":[{"acf_fc_layout":"single-programmes-content-text-layout","single-art-support-content-text":"<p class=\"PDq2pG_selectionAnchorContainer\" data-start=\"0\" data-end=\"153\">Curata da Alice Motard, la mostra \u00e8 dedicata a Chiara Camoni e riunisce un significativo gruppo di opere provenienti dalla collezione di Silvia Fiorucci.<\/p>\r\n<p data-start=\"155\" data-end=\"474\">L'esposizione presenta inoltre opere degli artisti Fantine Andr\u00e8s, Maria Loboda, Marianne Mari\u0107, Vibeke Mascini, Lionel Sabatt\u00e9, Adrianna Wallis e Yuyan Wang, selezionati e invitati da Alice Motard a entrare in dialogo con il lavoro di Camoni, ampliando e rendendo pi\u00f9 complesse le riflessioni avviate dalla sua pratica artistica.<\/p>\r\n<p data-start=\"476\" data-end=\"972\">La mostra si concentra su uno degli elementi ricorrenti nella pratica di Camoni \u2014 il fiore \u2014 per esplorarne il potenziale sovversivo nelle sue molteplici forme: naturale e simbolica, artificiale e distruttiva, intima e confessionale. Da questa prospettiva, il progetto propone una nuova lettura della ricerca di Camoni, mettendone in luce la complessit\u00e0 e offrendo al contempo un contrappunto alle interpretazioni prevalentemente ecofemministe e ai valori positivi spesso associati al suo lavoro.<\/p>\r\n<p data-start=\"974\" data-end=\"1189\">Ispirata alla raccolta poetica di Charles Baudelaire <em data-start=\"1027\" data-end=\"1046\">Les Fleurs du mal<\/em>, la mostra suggerisce che la bellezza trovi la sua pi\u00f9 piena espressione quando abbraccia anche il suo lato pi\u00f9 oscuro, perturbante e ambiguo.<\/p>\r\n<p data-start=\"1191\" data-end=\"1383\" data-is-last-node=\"\" data-is-only-node=\"\">Una serie di eventi di Public Program accompagner\u00e0 il progetto, offrendo ulteriori occasioni di confronto e approfondimento sui temi e sulle pratiche artistiche al centro dell\u2019esposizione.<\/p>\r\n\r\n<h3><strong>NOTE BIOGRAFICHE:<\/strong><\/h3>\r\n<p class=\"isSelectedEnd\"><strong>Chiara Camoni<\/strong> (Piacenza, 1974) vive e lavora sulle Alpi Apuane, in Toscana. La sua pratica comprende il disegno, la stampa vegetale, il video e soprattutto la scultura, con una particolare attenzione alla ceramica. Il suo lavoro nasce spesso da processi collaborativi e pratiche di autorialit\u00e0 condivisa, che negli ultimi anni hanno preso forma ne <em>Il Centro di Sperimentazione<\/em>.<\/p>\r\n<p class=\"isSelectedEnd\">Nel 2026 rappresenta l\u2019Italia al Padiglione Italia della 61\u00aa Esposizione Internazionale d\u2019Arte \u2013 La Biennale di Venezia con il progetto <em>Con te con tutto<\/em>, a cura di Cecilia Canziani. Le sue opere sono state presentate in importanti istituzioni italiane e internazionali, tra cui Pirelli HangarBicocca, Milano; CAPC Mus\u00e9e d\u2019art contemporain de Bordeaux; MIMA \u2013 Middlesbrough Institute of Modern Art; Museo Patio Herreriano, Valladolid; GAM, Torino; Palazzo Collicola, Spoleto e molte altre.<\/p>\r\n<p class=\"isSelectedEnd\"><strong>Alice Motard<\/strong> (Parigi, 1978) \u00e8 Direttrice del CEAAC, rinomato centro d\u2019arte contemporanea con sede a Strasburgo, in Francia. In precedenza \u00e8 stata Chief Curator del CAPC Mus\u00e9e d\u2019art contemporain de Bordeaux (2016\u20132021), Curatrice presso Spike Island a Bristol (2014\u20132016) e Vice Direttrice e Responsabile delle Mostre di Raven Row a Londra (2008\u20132013). Ha conseguito un Master in Curating Contemporary Art presso il Royal College of Art di Londra e un Master in Storia dell\u2019Arte presso l\u2019Universit\u00e9 Paris 1 Panth\u00e9on-Sorbonne e la Freie Universit\u00e4t Berlin.<\/p>\r\nTra gli artisti con cui ha collaborato figurano Caroline Achaintre, Julie B\u00e9na, Luca Bertolo, Michael Beutler, Isabelle Cornaro, Ruth Ewan, Anna Franceschini, Lubaina Himid, Anna Hula\u010dov\u00e1, Charlotte Khouri, B\u011bla Kol\u00e1\u0159ov\u00e1, Marie Cool, Fabio Balducci, Marianne Mari\u0107, Gareth Moore, Reto Pulfer, Florian Pumh\u00f6sl, Anne Laure Sacriste, Takako Saito, Samara Scott ed Endre T\u00f3t."}]},"yoast_head":"<!-- This site is optimized with the Yoast SEO plugin v28.1 - https:\/\/yoast.com\/product\/yoast-seo-wordpress\/ -->\n<title>&#039;I fiori del male&#039; - Mostra personale di Chiara Camoni - La Societ\u00e0 delle Api<\/title>\n<meta name=\"robots\" content=\"index, follow, max-snippet:-1, max-image-preview:large, max-video-preview:-1\" \/>\n<link rel=\"canonical\" href=\"https:\/\/societadelleapi.org\/it\/programmes\/i-fiori-del-male-mostra-personale-di-chiara-camoni\/\" \/>\n<meta property=\"og:locale\" content=\"it_IT\" \/>\n<meta property=\"og:type\" content=\"article\" \/>\n<meta property=\"og:title\" content=\"&#039;I fiori del male&#039; - Mostra personale di Chiara Camoni - La Societ\u00e0 delle Api\" \/>\n<meta property=\"og:url\" content=\"https:\/\/societadelleapi.org\/it\/programmes\/i-fiori-del-male-mostra-personale-di-chiara-camoni\/\" \/>\n<meta property=\"og:site_name\" content=\"La Societ\u00e0 delle Api\" \/>\n<meta property=\"article:modified_time\" content=\"2026-09-02T11:20:33+00:00\" \/>\n<meta name=\"twitter:card\" content=\"summary_large_image\" \/>\n<script type=\"application\/ld+json\" class=\"yoast-schema-graph\">{\"@context\":\"https:\\\/\\\/schema.org\",\"@graph\":[{\"@type\":\"WebPage\",\"@id\":\"https:\\\/\\\/societadelleapi.org\\\/it\\\/programmes\\\/i-fiori-del-male-mostra-personale-di-chiara-camoni\\\/\",\"url\":\"https:\\\/\\\/societadelleapi.org\\\/it\\\/programmes\\\/i-fiori-del-male-mostra-personale-di-chiara-camoni\\\/\",\"name\":\"'I fiori del male' - Mostra personale di Chiara Camoni - La Societ\u00e0 delle Api\",\"isPartOf\":{\"@id\":\"https:\\\/\\\/societadelleapi.org\\\/it\\\/#website\"},\"datePublished\":\"2026-09-01T14:08:51+00:00\",\"dateModified\":\"2026-09-02T11:20:33+00:00\",\"breadcrumb\":{\"@id\":\"https:\\\/\\\/societadelleapi.org\\\/it\\\/programmes\\\/i-fiori-del-male-mostra-personale-di-chiara-camoni\\\/#breadcrumb\"},\"inLanguage\":\"it-IT\",\"potentialAction\":[{\"@type\":\"ReadAction\",\"target\":[\"https:\\\/\\\/societadelleapi.org\\\/it\\\/programmes\\\/i-fiori-del-male-mostra-personale-di-chiara-camoni\\\/\"]}]},{\"@type\":\"BreadcrumbList\",\"@id\":\"https:\\\/\\\/societadelleapi.org\\\/it\\\/programmes\\\/i-fiori-del-male-mostra-personale-di-chiara-camoni\\\/#breadcrumb\",\"itemListElement\":[{\"@type\":\"ListItem\",\"position\":1,\"name\":\"Home\",\"item\":\"https:\\\/\\\/societadelleapi.org\\\/it\\\/\"},{\"@type\":\"ListItem\",\"position\":2,\"name\":\"&#8216;I fiori del male&#8217; &#8211; Mostra personale di Chiara Camoni\"}]},{\"@type\":\"WebSite\",\"@id\":\"https:\\\/\\\/societadelleapi.org\\\/it\\\/#website\",\"url\":\"https:\\\/\\\/societadelleapi.org\\\/it\\\/\",\"name\":\"La Societ\u00e0 delle Api\",\"description\":\"\",\"publisher\":{\"@id\":\"https:\\\/\\\/societadelleapi.org\\\/it\\\/#organization\"},\"potentialAction\":[{\"@type\":\"SearchAction\",\"target\":{\"@type\":\"EntryPoint\",\"urlTemplate\":\"https:\\\/\\\/societadelleapi.org\\\/it\\\/?s={search_term_string}\"},\"query-input\":{\"@type\":\"PropertyValueSpecification\",\"valueRequired\":true,\"valueName\":\"search_term_string\"}}],\"inLanguage\":\"it-IT\"},{\"@type\":\"Organization\",\"@id\":\"https:\\\/\\\/societadelleapi.org\\\/it\\\/#organization\",\"name\":\"Societ\u00e0 delle Api\",\"alternateName\":\"Societ\u00e0 delle Api\",\"url\":\"https:\\\/\\\/societadelleapi.org\\\/it\\\/\",\"logo\":{\"@type\":\"ImageObject\",\"inLanguage\":\"it-IT\",\"@id\":\"https:\\\/\\\/societadelleapi.org\\\/it\\\/#\\\/schema\\\/logo\\\/image\\\/\",\"url\":\"https:\\\/\\\/societadelleapi.org\\\/wp-content\\\/uploads\\\/2026\\\/04\\\/cropped-sda-icon.webp\",\"contentUrl\":\"https:\\\/\\\/societadelleapi.org\\\/wp-content\\\/uploads\\\/2026\\\/04\\\/cropped-sda-icon.webp\",\"width\":512,\"height\":512,\"caption\":\"Societ\u00e0 delle Api\"},\"image\":{\"@id\":\"https:\\\/\\\/societadelleapi.org\\\/it\\\/#\\\/schema\\\/logo\\\/image\\\/\"}}]}<\/script>\n<!-- \/ Yoast SEO plugin. -->","yoast_head_json":{"title":"'I fiori del male' - Mostra personale di Chiara Camoni - La Societ\u00e0 delle Api","robots":{"index":"index","follow":"follow","max-snippet":"max-snippet:-1","max-image-preview":"max-image-preview:large","max-video-preview":"max-video-preview:-1"},"canonical":"https:\/\/societadelleapi.org\/it\/programmes\/i-fiori-del-male-mostra-personale-di-chiara-camoni\/","og_locale":"it_IT","og_type":"article","og_title":"'I fiori del male' - Mostra personale di Chiara Camoni - La Societ\u00e0 delle Api","og_url":"https:\/\/societadelleapi.org\/it\/programmes\/i-fiori-del-male-mostra-personale-di-chiara-camoni\/","og_site_name":"La Societ\u00e0 delle Api","article_modified_time":"2026-09-02T11:20:33+00:00","twitter_card":"summary_large_image","schema":{"@context":"https:\/\/schema.org","@graph":[{"@type":"WebPage","@id":"https:\/\/societadelleapi.org\/it\/programmes\/i-fiori-del-male-mostra-personale-di-chiara-camoni\/","url":"https:\/\/societadelleapi.org\/it\/programmes\/i-fiori-del-male-mostra-personale-di-chiara-camoni\/","name":"'I fiori del male' - Mostra personale di Chiara Camoni - La Societ\u00e0 delle Api","isPartOf":{"@id":"https:\/\/societadelleapi.org\/it\/#website"},"datePublished":"2026-09-01T14:08:51+00:00","dateModified":"2026-09-02T11:20:33+00:00","breadcrumb":{"@id":"https:\/\/societadelleapi.org\/it\/programmes\/i-fiori-del-male-mostra-personale-di-chiara-camoni\/#breadcrumb"},"inLanguage":"it-IT","potentialAction":[{"@type":"ReadAction","target":["https:\/\/societadelleapi.org\/it\/programmes\/i-fiori-del-male-mostra-personale-di-chiara-camoni\/"]}]},{"@type":"BreadcrumbList","@id":"https:\/\/societadelleapi.org\/it\/programmes\/i-fiori-del-male-mostra-personale-di-chiara-camoni\/#breadcrumb","itemListElement":[{"@type":"ListItem","position":1,"name":"Home","item":"https:\/\/societadelleapi.org\/it\/"},{"@type":"ListItem","position":2,"name":"&#8216;I fiori del male&#8217; &#8211; Mostra personale di Chiara Camoni"}]},{"@type":"WebSite","@id":"https:\/\/societadelleapi.org\/it\/#website","url":"https:\/\/societadelleapi.org\/it\/","name":"La Societ\u00e0 delle Api","description":"","publisher":{"@id":"https:\/\/societadelleapi.org\/it\/#organization"},"potentialAction":[{"@type":"SearchAction","target":{"@type":"EntryPoint","urlTemplate":"https:\/\/societadelleapi.org\/it\/?s={search_term_string}"},"query-input":{"@type":"PropertyValueSpecification","valueRequired":true,"valueName":"search_term_string"}}],"inLanguage":"it-IT"},{"@type":"Organization","@id":"https:\/\/societadelleapi.org\/it\/#organization","name":"Societ\u00e0 delle Api","alternateName":"Societ\u00e0 delle Api","url":"https:\/\/societadelleapi.org\/it\/","logo":{"@type":"ImageObject","inLanguage":"it-IT","@id":"https:\/\/societadelleapi.org\/it\/#\/schema\/logo\/image\/","url":"https:\/\/societadelleapi.org\/wp-content\/uploads\/2026\/04\/cropped-sda-icon.webp","contentUrl":"https:\/\/societadelleapi.org\/wp-content\/uploads\/2026\/04\/cropped-sda-icon.webp","width":512,"height":512,"caption":"Societ\u00e0 delle Api"},"image":{"@id":"https:\/\/societadelleapi.org\/it\/#\/schema\/logo\/image\/"}}]}},"_links":{"self":[{"href":"https:\/\/societadelleapi.org\/it\/wp-json\/wp\/v2\/programmes\/4007","targetHints":{"allow":["GET"]}}],"collection":[{"href":"https:\/\/societadelleapi.org\/it\/wp-json\/wp\/v2\/programmes"}],"about":[{"href":"https:\/\/societadelleapi.org\/it\/wp-json\/wp\/v2\/types\/programmes"}],"author":[{"embeddable":true,"href":"https:\/\/societadelleapi.org\/it\/wp-json\/wp\/v2\/users\/5"}],"acf:term":[{"embeddable":true,"taxonomy":"type","href":"https:\/\/societadelleapi.org\/it\/wp-json\/wp\/v2\/type\/22"}],"wp:attachment":[{"href":"https:\/\/societadelleapi.org\/it\/wp-json\/wp\/v2\/media?parent=4007"}],"curies":[{"name":"wp","href":"https:\/\/api.w.org\/{rel}","templated":true}]}}

<p class="PDq2pG_selectionAnchorContainer" data-start="0" data-end="153">Curata da Alice Motard, la mostra è dedicata a Chiara Camoni e riunisce un significativo gruppo di opere provenienti dalla collezione di Silvia Fiorucci.</p>
<p data-start="155" data-end="474">L'esposizione presenta inoltre opere degli artisti Fantine Andrès, Maria Loboda, Marianne Marić, Vibeke Mascini, Lionel Sabatté, Adrianna Wallis e Yuyan Wang, selezionati e invitati da Alice Motard a entrare in dialogo con il lavoro di Camoni, ampliando e rendendo più complesse le riflessioni avviate dalla sua pratica artistica.</p>
<p data-start="476" data-end="972">La mostra si concentra su uno degli elementi ricorrenti nella pratica di Camoni — il fiore — per esplorarne il potenziale sovversivo nelle sue molteplici forme: naturale e simbolica, artificiale e distruttiva, intima e confessionale. Da questa prospettiva, il progetto propone una nuova lettura della ricerca di Camoni, mettendone in luce la complessità e offrendo al contempo un contrappunto alle interpretazioni prevalentemente ecofemministe e ai valori positivi spesso associati al suo lavoro.</p>
<p data-start="974" data-end="1189">Ispirata alla raccolta poetica di Charles Baudelaire <em data-start="1027" data-end="1046">Les Fleurs du mal</em>, la mostra suggerisce che la bellezza trovi la sua più piena espressione quando abbraccia anche il suo lato più oscuro, perturbante e ambiguo.</p>
<p data-start="1191" data-end="1383" data-is-last-node="" data-is-only-node="">Una serie di eventi di Public Program accompagnerà il progetto, offrendo ulteriori occasioni di confronto e approfondimento sui temi e sulle pratiche artistiche al centro dell’esposizione.</p>

<h3><strong>NOTE BIOGRAFICHE:</strong></h3>
<p class="isSelectedEnd"><strong>Chiara Camoni</strong> (Piacenza, 1974) vive e lavora sulle Alpi Apuane, in Toscana. La sua pratica comprende il disegno, la stampa vegetale, il video e soprattutto la scultura, con una particolare attenzione alla ceramica. Il suo lavoro nasce spesso da processi collaborativi e pratiche di autorialità condivisa, che negli ultimi anni hanno preso forma ne <em>Il Centro di Sperimentazione</em>.</p>
<p class="isSelectedEnd">Nel 2026 rappresenta l’Italia al Padiglione Italia della 61ª Esposizione Internazionale d’Arte – La Biennale di Venezia con il progetto <em>Con te con tutto</em>, a cura di Cecilia Canziani. Le sue opere sono state presentate in importanti istituzioni italiane e internazionali, tra cui Pirelli HangarBicocca, Milano; CAPC Musée d’art contemporain de Bordeaux; MIMA – Middlesbrough Institute of Modern Art; Museo Patio Herreriano, Valladolid; GAM, Torino; Palazzo Collicola, Spoleto e molte altre.</p>
<p class="isSelectedEnd"><strong>Alice Motard</strong> (Parigi, 1978) è Direttrice del CEAAC, rinomato centro d’arte contemporanea con sede a Strasburgo, in Francia. In precedenza è stata Chief Curator del CAPC Musée d’art contemporain de Bordeaux (2016–2021), Curatrice presso Spike Island a Bristol (2014–2016) e Vice Direttrice e Responsabile delle Mostre di Raven Row a Londra (2008–2013). Ha conseguito un Master in Curating Contemporary Art presso il Royal College of Art di Londra e un Master in Storia dell’Arte presso l’Université Paris 1 Panthéon-Sorbonne e la Freie Universität Berlin.</p>
Tra gli artisti con cui ha collaborato figurano Caroline Achaintre, Julie Béna, Luca Bertolo, Michael Beutler, Isabelle Cornaro, Ruth Ewan, Anna Franceschini, Lubaina Himid, Anna Hulačová, Charlotte Khouri, Běla Kolářová, Marie Cool, Fabio Balducci, Marianne Marić, Gareth Moore, Reto Pulfer, Florian Pumhösl, Anne Laure Sacriste, Takako Saito, Samara Scott ed Endre Tót.

<!-- This site is optimized with the Yoast SEO plugin v28.1 - https://yoast.com/product/yoast-seo-wordpress/ -->
<title>&#039;I fiori del male&#039; - Mostra personale di Chiara Camoni - La Società delle Api</title>
<meta name="robots" content="index, follow, max-snippet:-1, max-image-preview:large, max-video-preview:-1" />
<link rel="canonical" href="https://societadelleapi.org/it/programmes/i-fiori-del-male-mostra-personale-di-chiara-camoni/" />
<meta property="og:locale" content="it_IT" />
<meta property="og:type" content="article" />
<meta property="og:title" content="&#039;I fiori del male&#039; - Mostra personale di Chiara Camoni - La Società delle Api" />
<meta property="og:url" content="https://societadelleapi.org/it/programmes/i-fiori-del-male-mostra-personale-di-chiara-camoni/" />
<meta property="og:site_name" content="La Società delle Api" />
<meta property="article:modified_time" content="2026-09-02T11:20:33+00:00" />
<meta name="twitter:card" content="summary_large_image" />
<script type="application/ld+json" class="yoast-schema-graph">{"@context":"https:\/\/schema.org","@graph":[{"@type":"WebPage","@id":"https:\/\/societadelleapi.org\/it\/programmes\/i-fiori-del-male-mostra-personale-di-chiara-camoni\/","url":"https:\/\/societadelleapi.org\/it\/programmes\/i-fiori-del-male-mostra-personale-di-chiara-camoni\/","name":"'I fiori del male' - Mostra personale di Chiara Camoni - La Società delle Api","isPartOf":{"@id":"https:\/\/societadelleapi.org\/it\/#website"},"datePublished":"2026-09-01T14:08:51+00:00","dateModified":"2026-09-02T11:20:33+00:00","breadcrumb":{"@id":"https:\/\/societadelleapi.org\/it\/programmes\/i-fiori-del-male-mostra-personale-di-chiara-camoni\/#breadcrumb"},"inLanguage":"it-IT","potentialAction":[{"@type":"ReadAction","target":["https:\/\/societadelleapi.org\/it\/programmes\/i-fiori-del-male-mostra-personale-di-chiara-camoni\/"]}]},{"@type":"BreadcrumbList","@id":"https:\/\/societadelleapi.org\/it\/programmes\/i-fiori-del-male-mostra-personale-di-chiara-camoni\/#breadcrumb","itemListElement":[{"@type":"ListItem","position":1,"name":"Home","item":"https:\/\/societadelleapi.org\/it\/"},{"@type":"ListItem","position":2,"name":"&#8216;I fiori del male&#8217; &#8211; Mostra personale di Chiara Camoni"}]},{"@type":"WebSite","@id":"https:\/\/societadelleapi.org\/it\/#website","url":"https:\/\/societadelleapi.org\/it\/","name":"La Società delle Api","description":"","publisher":{"@id":"https:\/\/societadelleapi.org\/it\/#organization"},"potentialAction":[{"@type":"SearchAction","target":{"@type":"EntryPoint","urlTemplate":"https:\/\/societadelleapi.org\/it\/?s={search_term_string}"},"query-input":{"@type":"PropertyValueSpecification","valueRequired":true,"valueName":"search_term_string"}}],"inLanguage":"it-IT"},{"@type":"Organization","@id":"https:\/\/societadelleapi.org\/it\/#organization","name":"Società delle Api","alternateName":"Società delle Api","url":"https:\/\/societadelleapi.org\/it\/","logo":{"@type":"ImageObject","inLanguage":"it-IT","@id":"https:\/\/societadelleapi.org\/it\/#\/schema\/logo\/image\/","url":"https:\/\/societadelleapi.org\/wp-content\/uploads\/2026\/04\/cropped-sda-icon.webp","contentUrl":"https:\/\/societadelleapi.org\/wp-content\/uploads\/2026\/04\/cropped-sda-icon.webp","width":512,"height":512,"caption":"Società delle Api"},"image":{"@id":"https:\/\/societadelleapi.org\/it\/#\/schema\/logo\/image\/"}}]}</script>
<!-- / Yoast SEO plugin. -->

'I fiori del male' - Mostra personale di Chiara Camoni - La Società delle Api

La Società delle Api

Società delle Api
